161665
What is -3640661 (base 7) in base 8?
-1611562
Convert 20105000 (base 6) to base 10.
568728
2045504 (base 7) to base 10
246866
Convert -8242e (base 16) to base 11.
-334956
Convert 22033 (base 16) to base 10.
139315
What is -1a872 (base 13) in base 11?
-36061
237a866 (base 11) to base 8
17634010
What is 167218 (base 9) in base 12?
50015
What is -2ae0d (base 15) in base 16?
-21bb3
Convert 19af0 (base 16) to base 15.
21285
Convert -111000001000000001111 (base 2) to base 16.
-1c100f
130001 (base 5) to base 7
20403
What is 11000001101100010 (base 2) in base 11?
68565
Convert 1035f (base 16) to base 5.
4111044
-20242302 (base 5) to base 8
-502717
-11111101100011000 (base 2) to base 7
-1050321
32677245 (base 8) to base 2
11010110111111010100101
What is -111210220200121 (base 3) in base 4?
-130000000222
Convert 1481382 (base 9) to base 11.
510a5a
b471b (base 13) to base 2
1001111001001000110
Convert 98fc85 (base 16) to base 15.
d30a7c
10022201020021 (base 3) to base 16
1af1af
Convert -32422030 (base 5) to base 8.
-1042130
Convert 200210120120021 (base 3) to base 13.
20ba51b
2219097 (base 10) to base 16
21dc59
-148b22 (base 14) to base 8
-2565552
42acf9 (base 16) to base 8
20526371
Convert -1105150000 (base 6) to base 8.
-55626760
Convert -2324434 (base 5) to base 2.
-1010010111111110
Convert -26501500 (base 7) to base 16.
-2531e3
-13856967 (base 10) to base 16
-d370c7
What is -6a87a1 (base 11) in base 7?
-12361623
4142152 (base 6) to base 14
52cba
3103731 (base 11) to base 14
a29440
Convert 128425 (base 14) to base 3.
1012101101100
What is 1222433404 (base 6) in base 12?
4892864
What is ba9900 (base 14) in base 4?
120020212130
What is -1232206 (base 7) in base 14?
-42076
69c513 (base 16) to base 6
404323203
Convert 1604481 (base 14) to base 11.
6095472
Convert 6615482 (base 9) to base 12.
1234548
What is -1512561 (base 8) in base 10?
-431473
-300330002 (base 4) to base 10
-200450
What is -875188 (base 9) in base 15?
-a4a85
What is 42213401 (base 6) in base 4?
10230131221
Convert 2100453 (base 6) to base 16.
18b91
What is -27006b (base 13) in base 5?
-220130402
-13890 (base 10) to base 12
-8056
-41304530 (base 6) to base 2
-100100010101110000110
What is 3036162 (base 8) in base 9?
1452006
Convert b23878 (base 12) to base 2.
1010100111111100011100
-5ee4 (base 15) to base 12
-b867
-9acb6a (base 15) to base 9
-14803471
What is 122203322210 (base 4) in base 5?
3240302402
What is 23c83ca (base 13) in base 10?
11128478
Convert -18550657 (base 9) to base 14.
-135a2bb
Convert -101000010111111 (base 2) to base 9.
-31317
-b28990 (base 13) to base 4
-33313300233
What is a7122 (base 14) in base 2?
1100010100010001010
3227e8 (base 15) to base 12
971a92
What is -20101022021022 (base 3) in base 16?
-33c011
What is 1314006 (base 7) in base 5?
20444344
20425425 (base 7) to base 15
23ee16
What is 502412150 (base 6) in base 11?
48a2475
141133211 (base 5) to base 6
23304405
Convert 111112200200 (base 3) to base 2.
1000001000101011101
2991782 (base 10) to base 9
5558852
Convert 221303100 (base 4) to base 9.
280770
-10101001010001011 (base 2) to base 12
-421a3
-718832 (base 12) to base 4
-12301332212
-216 (base 16) to base 5
-4114
2305721 (base 9) to base 2
100101111110001100100
What is -10133001231 (base 5) in base 14?
-1559b75
-22043124 (base 7) to base 13
-51388b
What is -193a9 (base 12) in base 10?
-36849
131214154 (base 6) to base 3
11212021101121
23001032 (base 4) to base 7
245405
Convert -341247 (base 8) to base 14.
-30087
Convert 13635615 (base 9) to base 7.
111264041
What is 121121203 (base 4) in base 9?
167634
Convert 1000100001111001 (base 2) to base 3.
1202220222
Convert 49163 (base 15) to base 10.
233193
What is -2111314 (base 5) in base 13?
-13045
What is aa27 (base 11) in base 9?
21855
What is -1111111110110100011 (base 2) in base 15?
-a5273
What is 1001031303 (base 4) in base 10?
267123
What is -11011232 (base 5) in base 4?
-113011213
What is -42624 (base 9) in base 10?
-28210
1122322011 (base 4) to base 16
5ae85
Convert 11221453 (base 6) to base 7.
2635131
What is -546075 (base 12) in base 6?
-44400225
d9c5 (base 16) to base 11
38981
What is 5325218 (base 9) in base 8?
12700742
What is 67610 (base 15) in base 11?
204a95
Convert -590191 (base 13) to base 6.
-113150041
Convert 173425 (base 8) to base 3.
10012202201
What is d4a99 (base 14) in base 12?
2086a7
Convert 2220203 (base 5) to base 4.
21132103
What is 3102503 (base 6) in base 4?
210032013
-bc19 (base 15) to base 9
-60586
8a78c1 (base 15) to base 13
14a42a9
What is -1504025 (base 6) in base 10?
-86417
What is 3116010 (base 7) in base 2?
1011011010111001100
Convert 5441134 (base 6) to base 3.
111201011011
Convert 1111011010101100100101 (base 2) to base 14.
772bd3
What is -10011001111100110001011 (base 2) in base 6?
-300042415
What is b0108 (base 13) in base 14?
827b6
Convert -16256777 (base 8) to base 6.
-212325343
Convert -112102200222 (base 3) to base 7.
-2262155
Convert 303424131 (base 5) to base 7.
13323605
30054524 (base 8) to base 6
343200552
-aa139 (base 12) to base 11
-143a10
What is c354a (base 13) in base 2?
1010101100000010110
What is -3de70 (base 16) in base 12?
-102894
-3b4b71 (base 12) to base 2
-11110000000010000101
What is 1c6dc (base 15) in base 10?
92682
12d9dc0 (base 14) to base 3
122011221202101
331324233 (base 5) to base 11
89975a
What is -3c6779 (base 15) in base 11?
-1706550
Convert 6316614 (base 7) to base 4.
2321303313
Convert 806854 (base 9) to base 2.
1110100100100010111
Convert -25886 (base 15) to base 5.
-12320201
What is -1044504 (base 12) in base 3?
-12210022020211
539fd (base 16) to base 14
8cb81
-210200001210 (base 3) to base 6
-13050333
Convert 33212312332 (base 4) to base 7.
46530031
What is -7030b9 (base 12) in base 6?
-101240353
What is -3cb0a (base 16) in base 8?
-745412
Convert 363713 (base 10) to base 3.
200110220212
What is 2152816 (base 9) in base 8?
4323371
313330122230 (base 4) to base 6
1242155152
-58769 (base 11) to base 7
-502105
Convert -60743 (base 11) to base 13.
-31512
Convert 112221312 (base 4) to base 3.
11201021200
What is -1135362 (base 10) in base 8?
-4251402
What is 970 (base 13) in base 2?
11001001100
What is -2388067 (base 9) in base 7?
-14015311
Convert -111033302311 (base 4) to base 2.
-10101001111110010110101
Convert -75a6b (base 12) to base 3.
-21220001102
Convert -5dacbc (base 14) to base 12.
-10b2672
11300340 (base 5) to base 7
606635
7523b (base 13) to base 10
211300
What is -220421433 (base 5) in base 6?
-32221021
What is -159d3 (base 15) in base 16?
-1105b
1a7c99 (base 15) to base 14
258c46
-1292 (base 10) to base 3
-1202212
-1055739 (base 10) to base 4
-10001233323
What is 1323113 (base 7) in base 13?
61247
Convert 21202120110 (base 3) to base 6.
3135150
40334 (base 13) to base 15
2402e
What is -5b4ac (base 14) in base 9?
-370150
What is -120121001000022 (base 3) in base 11?
-47503a1
62a850 (base 12) to base 14
2c5d36
2000120011 (base 4) to base 16
80605
-32530 (base 16) to base 11
-13095a
What is -10601771 (base 9) in base 6?
-302045531
3625174 (base 11) to base 5
3104122003
Convert 42235404 (base 6) to base 13.
34271b
-351085 (base 10) to base 4
-1111231231
What is 1110111100100000100 (base 2) in base 12?
1b74b0
Convert 941d (base 15) to base 14.
b59d
-27648782 (base 9) to base 6
-1205021032
What is 1dd44f (base 16) in base 8?
7352117
3308a2 (base 14) to base 6
101031130
Convert 100000001110101010111011 (base 2) to base 5.
4130324244
Convert -55823 (base 10) to base 5.
-3241243
What is -c1c59 (base 16) in base 3?
-1111022201220
Convert 6dd4d7 (base 16) to base 6.
414135355
-467905 (base 14) to base 15
-326de9
What is -1001111111111110100 (base 2) in base 4?
-1033333310
20003011203 (base 4) to base 13
58b3cc
Convert 23110213 (base 4) to base 2.
1011010100100111
What is -335568 (base 9) in base 12?
-98352
-277342 (base 9) to base 8
-512701
111010000100110000001 (base 2) to base 5
441343402
476818 (base 9) to base 13
a0925
What is 351392 (base 12) in base 3?
1121022100002
-122155 (base 7) to base 3
-1010201001
-51141 (base 8) to base 14
-7985
Convert -3be0c (base 16) to base 12.
-b9b24
-1100010101001010011000 (base 2) to base 14
-601dc4
What is -2030320 (base 6) in base 9?
-157443
Convert -5a0892 (base 11) to base 9.
-1711813